(t - -2)?
2, 5, 11
Suppose 4*s = 7*s - 90. Let k = s + -8. Let l = k + 12. What are the prime factors of l?
2, 17
Suppose -63 = a - 99. List the prime factors of a.
2, 3
Suppose 0*a + 3*a - 120 = -u, -2*u + 5*a + 229 = 0. Suppose -2*x + p + 204 = 0, -4*x + 3*p = -u - 293. List the prime factors of x.
101
Suppose -40*t = -39*t - 51. Suppose -6*y + 3*y + t = 0. What are the prime factors of y?
17
Let x(d) = 90*d**2 - 24*d - 104. List the prime factors of x(-4).
2, 179
Let s be -2 - ((-16 - 1) + 0). Let f = 18 - s. Suppose 0 = -4*u - c + 39, -3*c - 69 + 21 = -f*u. List the prime factors of u.
11
Let v = -4 + 4. Suppose s - i = 5, 4*i + 2 - 14 = v. Suppose 2*h = 22 + s. What are the prime factors of h?
3, 5
Let t(c) = 34*c + 38 - 76 + 21. List the prime factors of t(9).
17
Let k(z) = 8*z**2 - 12*z - 1. Let s be k(3). Let p = -5 - -11. Suppose l + p = s. List the prime factors of l.
29
Suppose -8*m = -3246 - 2338. List the prime factors of m.
2, 349
Let z(w) = -10*w - 12 + 1 + 7. What are the prime factors of z(-4)?
2, 3
Let c(l) = -156*l**3 + l**2 + 5*l + 6. List the prime factors of c(-3).
2, 3, 13
Suppose 0 = 5*h - 5*w - 360, -2*w + 66 = h + 3*w. List the prime factors of h.
71
Let z(s) = s. Let f(w) = -11*w + 9. Let k(u) = -f(u) + 6*z(u). List the prime factors of k(5).
2, 19
Let m(t) = 10*t - 6. Suppose 0 = -2*x - 7 + 1. Let a be 30/(-4)*2/x. What are the prime factors of m(a)?
2, 11
What are the prime factors of (-208)/78 + 19975/15?
3, 443
Suppose 5*w - 3*o = -37, 4*o - 35 = 3*w - o. Suppose -122 = -b - 4*b - 3*v, -2*b - 3*v = -56. Let q = w + b. List the prime factors of q.
17
Let u(g) = -g**3 + 3*g**2 + g - 1. Suppose 79*k = 75*k - 12. What are the prime factors of u(k)?
2, 5
Let p(m) = 59*m - 323. What are the prime factors of p(30)?
1447
Suppose 0 = -7*o + 2*o. Let z(a) = -1 + o + 2 + 5*a**2. List the prime factors of z(-2).
3, 7
Let u = 17 + -12. Suppose -205 = -u*b + 135. Suppose -2*t = 14 - b. What are the prime factors of t?
3
Suppose 3*t - 17 = 22. List the prime factors of t.
13
Let f(p) = 8*p**2 + 90*p + 15. What are the prime factors of f(-12)?
3, 29
Suppose 9 = -2*x - 3*v, -5*x - 2*v = -x + 6. Let g(c) = -2*c. Let s be g(x). Suppose s = -w - w + 18. List the prime factors of w.
3
Let w(x) = -x**3 + 5*x**2 + 6*x + 2. Let o be w(-2). Suppose 2*j + 2*y - 82 = o, -200 = -4*j - y. List the prime factors of j.
2, 5
Let q(j) = 7*j + 47. List the prime factors of q(30).
257
Suppose 155 = -11*a + 5655. Let t = a + -311. What are the prime factors of t?
3, 7
Suppose 295558 = 65*q - 72407. What are the prime factors of q?
3, 17, 37
Let a be (3/(-6))/(1/(-2)). Let i be 4*(2/(-4) + a). Let f(o) = 16*o + 6. List the prime factors of f(i).
2, 19
Suppose r + 5 - 10 = 0. Suppose -2*l - 1 = -r*i, 10 = 4*l + i + 1. Suppose -7*f + 10 = -l*f. List the prime factors of f.
2
Let j be 7 + -8 + (8 - 2). Suppose z = 2*b + 15, z - j*b = -z + 29. What are the prime factors of z?
17
Suppose -10 = -3*v - 2*r, -3*r - 1 + 18 = 5*v. Suppose -2*f = v - 22. Let c = -7 + f. What are the prime factors of c?
2
Suppose -s + z = -0*z, -5*s - 5*z = -20. Let m be (5/s)/5*24. Let f = m + 1. What are the prime factors of f?
13
Let h(z) = 2 - 1 - 8 - 10 - 74*z. List the prime factors of h(-4).
3, 31
What are the prime factors of ((-228870)/(-225))/(4/10) + 0?
2543
Suppose -6*c = -5*c + 17. Let d(t) = 2*t**2 + 3*t - 2. Let q be d(-2). Let z = q - c. What are the prime factors of z?
17
Let i be (64/20)/(1/5). Let z(b) = -b + 20. Let s be z(i). Suppose s*l + 23 = 5*n + 119, 3*l - n - 72 = 0. List the prime factors of l.
2, 3
Suppose 2*c = -18*c + 15140. List the prime factors of c.
757
Let h(x) = 42*x - 20. List the prime factors of h(14).
2, 71
Suppose -3*i - 311 = j + 218, 3*i + 530 = -2*j. Let o = -20 - i. List the prime factors of o.
2, 3, 13
Let h(m) = m**2 + 8*m - 3. Let o be h(-9). Suppose o*c - 8*c + 198 = 0. What are the prime factors of c?
3, 11
Let y be 4 - (2 - (2 + 1)). Suppose 0 = k - y*a + 13, 0 = 2*k - 0*a + 2*a - 10. List the prime factors of ((-3)/k)/(2/(-12)).
3
Let j(k) be the first derivative of 5*k**2/2 + 11*k - 3. What are the prime factors of j(11)?
2, 3, 11
Suppose 3*g - 2*l - 26 = 0, -6*l + l + 40 = 3*g. Suppose -g*q + 584 = -6*q. What are the prime factors of q?
2, 73
Let a be 3/15 + 4842/(-10). Let q = a + 679. Suppose -50 + q = 5*g. What are the prime factors of g?
29
Suppose 0 = -2*f - 3*f + 825. Suppose k + 2*k = f. What are the prime factors of 1330/k + 4/(-22)?
2, 3
Let o = 5795 - 3417. List the prime factors of o.
2, 29, 41
Let x(t) = -71*t + 144. What are the prime factors of x(-5)?
499
What are the prime factors of 1 + ((-24)/16 - (-1085)/2)?
2, 271
Let l = -428 + 494. List the prime factors of l.
2, 3, 11
Suppose 5*t - 687 = -5*f + 2248, 4 = 2*t. What are the prime factors of f?
3, 5, 13
Let i(p) = -223*p - 80. What are the prime factors of i(-6)?
2, 17, 37
Suppose -u + 3*b = 156, -2*b = 2 - 10. Let f = -34 - u. List the prime factors of f.
2, 5, 11
Let k be (0 - -11) + (-4 - -1). Suppose -l = -c + 10, -k*l - c = -6*l + 14. Let v = l - -46. What are the prime factors of v?
2, 19
Suppose 265 = -f + 757. Let c = f - 316. What are the prime factors of c?
2, 11
Suppose -4*q + 0*q + 392 = 0. Let i = q - 57. Suppose -5*p = -i - 44. List the prime factors of p.
17
Let q = 1964 - 1329. What are the prime factors of q?
5, 127
Suppose -4*m = -5*m + 5. Suppose m*y + d - 105 = 2*y, 5*y + d - 175 = 0. What are the prime factors of y?
5, 7
Suppose -8*x = -4*x - 16. Suppose -x*g + 356 = -4*r, -r + 237 = 4*g - 124. What are the prime factors of g?
2, 3, 5
Let d(l) = -2*l**2 + 17*l - 4. Let c be d(8). Suppose 0 = -b - c*s + 59, 5*b = -0*s + s + 232. List the prime factors of b.
47
Let m(u) = -2*u**2 + 39*u - 1. What are the prime factors of m(8)?
3, 61
Let s(q) = q**2 - 2*q + 16. List the prime factors of s(5).
31
Suppose u = r + 2050, 0*r - 2060 = -u + 3*r. List the prime factors of u.
5, 409
Suppose 4*c - c - 732 = -3*y, -y = -5*c + 1214. Let t = 469 - c. What are the prime factors of t?
2, 113
Let m(o) = -3*o + 5. Let f be m(4). Let n = 9 + f. Suppose q + 2*b - 22 = 0, -b - 46 = -3*q - n*b. What are the prime factors of q?
2, 7
Let p = 1060 + 1548. What are the prime factors of p?
2, 163
Let k(f) = -40*f - 134. What are the prime factors of k(-7)?
2, 73
Let v(o) = 56*o**2 + 18*o + 59. List the prime factors of v(-4).
883
Suppose -44*l = -50*l + 12. Suppose o = -5*y + 95, l*o = 2*y + 4*o - 30. What are the prime factors of y?
2, 5
Let n(a) = 3*a**2 + 3*a + 1. Let f be n(-6). Let k be -2 + f + (-1 - -3). Suppose 6*w = 2*w + 3*h + 157, h = -2*w + k. What are the prime factors of w?
43
Suppose -4*k = -7*k + 1251. List the prime factors of (k/(-12))/(26/(-8) - -3).
139
Let f(z) = z**3 - 4*z**2 + z - 2. Let b be f(4). Let h(l) be the first derivative of 3*l**4/4 - l**2/2 + 2*l + 1. List the prime factors of h(b).
2, 3
Suppose 3186 = -9*n + 17235. What are the prime factors of n?
7, 223
Let k(c) = 23*c - 156. What are the prime factors of k(7)?
5
Let x(i) = -i**2 - 8*i - 9. Let t be x(-6). What are the prime factors of (52/(-6))/(t/(-18))?
2, 13
Let h(l) = -7*l + 2. Let v be h(-2). Suppose 3*w + 59 = 17. Let c = w + v. What are the prime factors of c?
2
Let s(a) = -3*a - 3*a - 4 + 4*a + a. Let n be s(-3). What are the prime factors of n*(-3)/(-6)*-38?
19
Suppose 10*s + 7*s = 17969. What are the prime factors of s?
7, 151
Suppose 103*u = 98*u + 10. Suppose u*y - 3*y - 5*z + 7 = 0, 2*z + 8 = 0. What are the prime factors of y?
3
Let f be 294/28*(-4)/(-6). Let x = 8 - f. Suppose -3*c = -x - 41. What are the prime factors of c?
2, 7
List the prime factors of ((-24)/2)/(22/(-1089)).
2, 3, 11
Suppose 832*x - 3310 = 827*x. What are the prime factors of x?
2, 331
Let k(l) = -4*l - 61. Let x be k(-24). What are the prime factors of (-2)/(-7) - (-7 + (-11540)/x)?
337
Let x(o) = -7*o - 48. Let r(d) = -8*d - 48. Let t(v) = 4*r(v) - 3*x(v). List the prime factors of t(-14).
2, 53
Let p = -7 - -51. Suppose -2*s - 2*r + p = 0, -4*s - 26 = -5*s + r. What are the prime factors of s?
2, 3
Let r = 320 - 286. List the prime factors of r.
2, 17
Suppose 5*f + 5342 + 4428 = 0. What are the prime factors of -4*3/78 - f/26?
3, 5
Let v(n) = 9*n**2 - 10*n - 33. List the prime facto